ulate a(-7).
4
Let x(k) = 5*k + 5. Let t(v) = -3*v - 4. Let f(u) = -8*t(u) - 5*x(u). Determine f(5).
2
Let z(l) = 5*l**2 + 3 + 0*l**2 - 4*l**2 - 4*l. Let b(j) = -j**2 + 4*j - 1. Let h be b(5). Let k be h/(-9)*9 - 2. Calculate z(k).
3
Suppose h = 2*h. Let w(f) = f**3 - f**2 + h*f**3 - 2*f**2 - f - 4 + 0*f**3. Give w(3).
-7
Let r = 6 - 3. Let p(y) = y - 4. Let c be p(6). Let b(v) = r + 1 - 2*v + 1 - v**c. Give b(-4).
-3
Suppose 0 = 2*q - 5*q + 18. Let f(p) = -5*p**2 + 3. Let z(s) = -s**2 - s. Let v(d) = q*z(d) - f(d). Let w = 2 + -6. Give v(w).
5
Let d(u) be the third derivative of -u**4/8 - 4*u**2. Let q be d(1). Let c = q + 3. Let f(o) = -o + 10. Calculate f(c).
10
Let d(b) = b**3 - 11*b**2 - 12*b - 2. Suppose -76 - 80 = -13*l. Give d(l).
-2
Let n(z) be the third derivative of -z**4/24 - z**3 + 3*z**2. Determine n(-6).
0
Let x(k) = k**3 - 7*k**2 + 2*k - 3. Let a(p) = -p**2 - 1. Let t(r) = -4*a(r) + x(r). Give t(3).
7
Let j(y) = y - 12. Let z be 3*(0 + (-16)/12 + 4). What is j(z)?
-4
Let f(d) = -3*d**3 - 4*d**2 - 4*d - 3. Let z be f(-2). Let a = 8 - z. Let u(c) = 2*c + 3 - 3 + 5. Give u(a).
-5
Let w(x) = -4*x**2 - x**3 - 1 + 4*x**2. Suppose -d = 2*d. Determine w(d).
-1
Let u(c) = 4*c + 2. Suppose 3*x = 2*x - 2. Give u(x).
-6
Let y(k) = -k - 5. Let n be y(-7). Let p(u) be the first derivative of -u - 1/2*u**2 - n. Determine p(0).
-1
Let r(k) = -4*k**3 - 3 - 40*k - 3 + 5*k**2 + 5*k**3 + 33*k. Give r(-6).
0
Let p(z) = -5*z**2 + 4*z - 4*z - 5*z**3 + z + 4*z**2. Calculate p(1).
-5
Let r = -32 + 37. Let u(w) = 1. Let d(m) = m - 3. Let z(i) = -d(i) - 2*u(i). Give z(r).
-4
Suppose 12 = -b + 4*b. Let f(y) = 3*y**3 + 15*y**2 - 9*y + 5. Suppose 6 - 1 = i. Let w(j) = 4*j**3 + 22*j**2 - 13*j + 7. Let o(s) = i*w(s) - 7*f(s). Give o(b).
8
Let u(i) = 3*i - 5. Let f be u(2). Let d(n) = -14*n + 1. Determine d(f).
-13
Let p(a) = a + 1 + 15*a - 2. Calculate p(-1).
-17
Let p(z) = -z**2 + 3*z - 4. Let c be (-4)/10 - 88/(-20). Suppose 3*b - c - 5 = 0. Let r be p(b). Let s(o) = -o**2 - 2*o - 1. Determine s(r).
-9
Let n(z) be the first derivative of 3*z**2 + 24. Determine n(-1).
-6
Suppose 0 = u + 13 - 3. Let i = u + 15. Suppose 2*c - 2 = i*g, 4*g + 3 = c + 2. Let s(p) = p - 3. Determine s(g).
-3
Let s(f) = 3*f**2 + f. Let h be 3/(-1) + (-9)/(9/(-4)). What is s(h)?
4
Suppose 6*j - 8 = 2*j. Let l = j - -3. Let o(c) = -2 + 0*c + 2*c - 3*c**2 + l*c**2. Calculate o(-2).
2
Let y(a) = a**3 - 6*a**2 + a - 5. Suppose 4*t - 4 = 0, 3*f + 4*t = f + 16. What is y(f)?
1
Let h(t) be the first derivative of -1/360*t**6 + 0*t**2 - 1/6*t**4 - 3 + 1/30*t**5 + 0*t - 2/3*t**3. Let z(u) be the third derivative of h(u). Give z(4).
-4
Suppose 5*k + s + 12 = 0, -3*s + 5*s + 9 = -5*k. Let g = 2 - k. Let j(w) = w**3 - 6*w**2 + 4*w + 2. Determine j(g).
-3
Let y(a) be the second derivative of -a**3/3 - 2*a**2 + 2*a. Calculate y(4).
-12
Let f(b) be the third derivative of b**6/120 - b**5/10 - b**4/3 - 5*b**3/6 - 3*b**2. Give f(7).
-12
Let p be 4/(2/(2/(-1))). Let o = 2 - p. Let a(v) = -v**3 - 3 - 3*v**2 - v + o - v**2. Calculate a(-4).
7
Suppose 2*d + d = -18. Let v(n) = -n**3 - 6*n**2 + n + 6. Calculate v(d).
0
Let t(m) be the third derivative of -m**6/120 - m**5/60 + m**4/24 - 8*m**3/3 + 9*m**2 - 3*m. Calculate t(0).
-16
Let n(o) = -3*o + 10 - 4*o - 2*o. Let g(k) = -4*k + 5. Let d(v) = 5*g(v) - 2*n(v). Calculate d(4).
-3
Let n = 1 + 3. Suppose 0 = n*w + 4*i, -2*w - i + 0 + 2 = 0. Let j(f) = 3*f - 3. Calculate j(w).
3
Let d(h) be the first derivative of 13*h**2/2 - h - 2. Let w(s) = -2*s - 7. Let b be w(-4). Give d(b).
12
Suppose 5*j = 14 + 1. Let k(x) = -x**2 + x - 1. Give k(j).
-7
Let w = 9 + -6. Let q(j) = 2*j**3 + 6 + 7*j - 4*j**w - 5*j**2 + j**3. Give q(-6).
0
Suppose 0 = 3*q - 4*q - 6. Let y = q - -9. Let z(i) = i**3 + y*i**2 + 2*i**2 - 7 + 3*i + 0*i**3 + 4. Calculate z(-3).
6
Let j(v) = 21*v**2 - 27*v**3 - 9*v**2 - 11*v**2. What is j(1)?
-26
Let k(m) = m**2. Let y(q) = 5*q**2 + 8*q - 5. Let f(d) = 4*k(d) - y(d). Determine f(-5).
20
Suppose -3*o + 15 = -0*o. Suppose -3*z = -0*z - 4*g - 17, 5*g - 5 = -o*z. Let k(w) = 5*w**2 + 1 - w**3 - 2*w**2 + 3. Determine k(z).
4
Let b(f) be the second derivative of f**5/20 - 5*f**4/12 + 2*f**3/3 + f**2/2 - 13*f. What is b(4)?
1
Let w(p) be the second derivative of p**6/360 - p**5/40 - p**4/6 - p**3/3 + 7*p. Let n(t) be the second derivative of w(t). Calculate n(5).
6
Let k(z) = -z**3 + 6*z**2 + 3*z - 2. Let g(a) = a**3 + 6*a**2 - 7*a + 6. Let t be g(-7). Give k(t).
16
Let i(x) be the second derivative of x**5/20 + x**4/12 - x**3/6 + x**2/2 - 3*x. Let p(f) = 4*f**3 + 6*f**2 - 6*f + 8. Let g(w) = -5*i(w) + p(w). Give g(0).
3
Let b(v) be the second derivative of -v**5/20 - v**4/3 - 5*v**3/6 - v**2 - 3*v. Determine b(-3).
4
Let x(v) = v - 3. Let y(k) = -6*k + 1. Let u be y(1). Let c = 22 - 14. Let g = c + u. Determine x(g).
0
Let s(l) be the first derivative of 5*l**4/4 - l**3/3 + l**2/2 + l + 2. Suppose -4*g = 4*w + 8, -2*w + w - 1 = 0. Give s(g).
-6
Suppose 0 = -g + 3*z + z - 10, -1 = g - z. Let q(u) = -3*u + 2. Give q(g).
-4
Let v(i) = i**3 + 3*i - 3. Let r be v(2). Suppose 3*y = -2*n + r, -2*n + n - 4*y = -13. Let m(k) = 3*k**2 + 1. What is m(n)?
4
Let d(v) be the first derivative of v**3/3 + 2*v**2 + 3*v + 10. Determine d(-2).
-1
Suppose 5*m - 28 = 4*h, 5 - 15 = -2*m + h. Let p(f) = -2*f + 8. Let o(z) = 1. Let s(l) = -5*o(l) + p(l). What is s(m)?
-5
Let i(r) = -r - 2. Let b(s) = -s + 1. Let v(m) = 1. Let g(a) = -b(a) + 4*v(a). Let t(n) = -2*g(n) - 3*i(n). Determine t(2).
2
Let z(g) = -g + 6. Let n(a) = -a + 13. Let h be n(7). Give z(h).
0
Suppose -5*c + 3*p = 45, -2*c + 0*c = -p + 17. Let m(b) = b**3 + 6*b**2 - b - 4. Let a be m(c). Let x(u) = -u**2 + u + 4*u**a + 2*u**2 + 4*u**2. Calculate x(1).
10
Let w be 6/21 + (268/336 - 1). Let z(r) be the third derivative of 2*r**2 + w*r**4 - 1/2*r**3 + 0 + 0*r. Give z(2).
1
Suppose 2*s - 3 = 3. Suppose s*l + 0 = 6. Let v(o) = o**2 - 3*o + 1. Calculate v(l).
-1
Let q be ((-2)/6)/((-1)/15). Let s = q + -9. Let o(p) = -8*p + 5. Let v(t) = -9*t + 6. Let b(r) = -7*o(r) + 6*v(r). What is b(s)?
-7
Let b(c) = -c**3 - 2*c**2 - 3*c - 3. Let f = 4 + -6. Let q be b(f). Let d(g) = -6 + g**2 + 5 - q*g + 0. What is d(4)?
3
Suppose 4*m = -m + 25. Let n be (-4)/(-20) - 1/m. Let d(o) = -o**2 + o - 2. Determine d(n).
-2
Let u(k) = 2*k - 2*k + 3*k - 1. Let z be u(1). Let n(h) = -2*h**3 + z + h**3 - 4 + 5*h**2. Calculate n(5).
-2
Let j(l) = 10*l + 14. Suppose 6 + 0 = 2*s. Let h(c) = 2*c + 3. Let b(r) = s*j(r) - 14*h(r). Let x be b(-3). Let w(g) = g + 6. Determine w(x).
0
Let k(x) = 3*x. Let z = -7 - -10. Suppose 2*r + r - z = 0. Determine k(r).
3
Let i(j) = -j + 33 - 100 + 40 + 32. Suppose 0 = -n - 3*n - 8. Let w(u) = -2*u - 1. Let v be w(n). Determine i(v).
2
Let h(n) = n**3 + 2*n**2 + n + 6. Let z(x) = 2*x**3 + 4*x**2 + 2*x + 13. Let f(w) = 9*h(w) - 4*z(w). What is f(-2)?
0
Let s be (-4 - -2)*(3 - 2). Let q be (3/s)/(-3)*-12. Let n(m) = m + 6. Give n(q).
0
Let n(b) = -b**3 - 5*b**2 - b - 7. Let k(d) = d**3 + 10*d**2 + d + 0*d - 3*d**2 + 5*d - 5. Let w be k(-6). What is n(w)?
-2
Let p(y) = -y**3 + 4*y**2 - 2*y - 1. Suppose 0*w = -w + 16. Let i = w + -13. What is p(i)?
2
Suppose 3*s - 35 = -2*s. Let l be s/28 - (-30)/8. Let z(n) = n + 3*n + 2*n + 5 - l*n. What is z(-5)?
-5
Let v(x) = 4*x - 7. Let z be v(3). Suppose g - 1 = 2*l, z*l + 4*g - 32 = -2. Let d(f) = -2*f**3 + 2*f**2 + 2*f - 1. Determine d(l).
-5
Let j be (8/6)/(7/(-21)). Let h = j + 9. Let v(b) = b**2 - 6*b + 2. Calculate v(h).
-3
Let r be (-20)/(-6)*(1 + (-5)/(-10)). Let c(z) = -4*z - 8. Let y(g) = -3*g - 7. Let w(j) = -4*c(j) + 5*y(j). Give w(r).
2
Let g(f) = f**2 + 6*f + 3. Suppose 0 = -11*q - 32 - 23. What is g(q)?
-2
Let f(t) = t**2 + 1. Suppose -2*w + 2 = 3*u, -3*u - 12 = 3*w - 6*u. Calculate f(w).
5
Suppose -12 = 3*v + 6. Let h = v + 10. Let g(o) = 2*o**2 - 6*o + 2. Give g(h).
10
Let v(w) = -12*w + 5*w - 2 + 8*w - 1. Let b(s) = 3*s**2 - 2*s - 1. Let i be 3/2*4/(-6). Let m be b(i). What is v(m)?
1
Let r(q) = 9*q**2 + 25*q + 33. Let i(y) = 5*y**2 + 13*y + 17. Let f(o) = 11*i(o) - 6*r(o). Calculate f(8).
-3
Let f = 4 + 2. Let d(t) = t**2 - 5*t - 8. Let g(j) = 3*j**2 - 15*j - 24. Let s(m) = -11*d(m) + 4*g(m). Determine s(f).
-2
Let n(u) = u**3 - 5*u**2 + 3*u + 5. S